2)) is divided by i(-6)?
2
Suppose -5*d - 37 + 120 = -2*k, 5*d + k - 86 = 0. What is the remainder when 33 is divided by d?
16
Suppose -6*m = -4*m + 3*n - 5, 0 = -3*n - 3. What is the remainder when 14 is divided by m?
2
Suppose 6*n - 7*n + 3 = 0. What is the remainder when 6/4*20/3 is divided by n?
1
Calculate the remainder when (((-8)/(-6))/(-2))/((-24)/1044) is divided by 10.
9
Let z = 8 - 0. What is the remainder when (43 - -3)/((-2)/(-1)) is divided by 9/(-2)*z/(-3)?
11
Suppose 0 = 9*j - 0*j - 54. What is the remainder when 69 is divided by j?
3
Suppose 7*j - 3*j = 16. Let u be 6/21 + j/(-14). Calculate the remainder when 11 is divided by 1 - u/2 - -5.
5
Let n = -20 + 37. Suppose -4*a = -0*a. Let x = a - -9. Calculate the remainder when n is divided by x.
8
Let w(a) = -2*a + 24. Let u be (-4)/(-6) - 7/(-3). Suppose -5*g = -u*s + 59, -3*s + 4*g + 44 = -17. Calculate the remainder when s is divided by w(8).
7
Let k(q) = q**3 - 6*q**2 + 7*q - 5. Let x(y) = -4*y + 2. Suppose 0 = 3*i + 2*s + 3*s - 6, -3*s = -9. What is the remainder when x(i) is divided by k(5)?
4
Let a = 55 + -33. Let m = 3 + 9. Calculate the remainder when a is divided by m.
10
Let m(y) = 3*y**2 - 3*y - 1. Suppose -3*x = -x + 4. Calculate the remainder when m(x) is divided by 9.
8
Let s = -10 - -19. Let p = -38 - -72. Calculate the remainder when p is divided by s.
7
Let s = 6 - 8. Let y = -6 + 12. Calculate the remainder when (s/4)/((-2)/44) is divided by y.
5
Suppose 5*g - 257 = 558. Let f = 30 + g. Suppose 4*c = f - 9. Calculate the remainder when c is divided by 16.
14
Suppose -3*y - 2*j + 15 = -5*j, -5 = y + j. Suppose 2*x + 2*x - 48 = y. Let i = 21 - x. Calculate the remainder when 25 is divided by i.
7
Let c(k) = -12*k - 11*k**2 + 6 - 32*k**3 - 29*k**3 + 62*k**3. What is the remainder when 21 is divided by c(12)?
3
Let s = -47 + 73. Calculate the remainder when s is divided by (-4)/(-18) + 79/9.
8
Suppose -2*p = -29 - 67. Calculate the remainder when p is divided by 10.
8
Let s(r) = -6*r - 2. Let n be s(4). Let o = n - -47. Suppose 4*b + b = 55. Calculate the remainder when o is divided by b.
10
Let x(d) = 9 - 7*d**2 - 3*d - d**3 + 0*d**3 + 11*d. Let m be x(-9). What is the remainder when m/(-2)*(-16)/24 is divided by 12?
9
Suppose -39 = 2*j + 2*j - i, 0 = j + 4*i + 31. Let x = 31 + j. What is the remainder when 37 is divided by x?
17
Let i = -7 - -17. Suppose 3*w = -1 + 58. Calculate the remainder when w is divided by i.
9
Let t = -28 - -39. Calculate the remainder when 54 is divided by t.
10
Let c = 16 + -14. What is the remainder when 6 is divided by c?
0
Suppose 3*n = 3*p + p + 25, 2*n + 2*p = 40. Let i be 6/(-33) + (-46)/(-11). Suppose -i*c + 5*c = n. What is the remainder when 57 is divided by c?
12
Let l = 25 + 16. Let n be (44/(-6))/(8/(-36)). Let d = n - 19. What is the remainder when l is divided by d?
13
Let n(s) = s**3 - 4*s**2 - 22. Calculate the remainder when n(7) is divided by 32.
29
Let t = -13 + 30. Suppose 5 = 2*y - t. What is the remainder when 41 is divided by y?
8
Let g = -41 - -146. Let u = g + -40. What is the remainder when u is divided by 33?
32
Let t = 40 - 35. Suppose -4*y - 43 = -d - 5*y, 5*y - 77 = -2*d. Suppose 0 = -t*a + 59 + d. What is the remainder when a is divided by 11?
10
Suppose -54 - 9 = -s. What is the remainder when s is divided by 8?
7
Let c = -35 - -37. Calculate the remainder when 6 is divided by c.
0
Let k(t) = 26*t**2 - 2*t. Calculate the remainder when k(-2) is divided by 5.
3
Suppose p - 65 = -4*p. Let b = 20 + 3. Calculate the remainder when b is divided by p.
10
Suppose 0 = 4*b - 4, 4*f - 4*b + b + 75 = 0. Let x = f - -27. What is the remainder when 14 is divided by x?
5
Suppose 0*m + 4 = -4*m. Let y(n) be the second derivative of 3*n**4/2 - n**2/2 + n. Calculate the remainder when 32 is divided by y(m).
15
Let t = 247 + -242. Suppose -3*b = c - 5*c + 2, 4*b - 14 = -3*c. What is the remainder when t is divided by b?
1
Suppose 4*v + 13 = o + 87, -v - 4*o + 27 = 0. Calculate the remainder when v is divided by 6.
1
Suppose 0*o + 212 = 2*o. Let u = o - 42. Calculate the remainder when u is divided by 22.
20
Suppose -4*l = -2*i - 2*l + 20, 2*i - 26 = -4*l. Calculate the remainder when 51 is divided by i.
7
Let s = 17 + -12. Suppose 2*a = v - 10, s*v = -5*a + 2*a + 11. What is the remainder when 2 - 12*(-4)/6 is divided by v?
2
Let p be 3/3*3*1. Suppose 0 = p*s + 3, 17 = z - s + 4. Calculate the remainder when (1 + 21)/(-2 + 3) is divided by z.
10
Let l(a) = 2*a**3 - 20*a**2 - 14*a + 11. What is the remainder when l(11) is divided by 17?
14
Suppose 2*s - 326 = -5*i, 5*i = -3*s - 152 + 481. Suppose 3*l - 2*k - 19 = 51, 4 = -2*k. What is the remainder when i is divided by l?
20
Suppose 2*l - 50 = -3*l. What is the remainder when 29 is divided by (-292)/(-20) + 4/l?
14
Suppose -12*p + 13*p - 13 = 0. What is the remainder when 48/1 + 1 + 1 is divided by p?
11
Suppose -4*g + 145 = g. Let w be (-258)/6*(-1 - 0). Let l = w - 28. Calculate the remainder when g is divided by l.
14
Let c(s) = 7*s - 1. What is the remainder when 15 is divided by c(1)?
3
Let h(c) be the first derivative of c**3/3 + 5*c**2/2 - 4*c - 1. What is the remainder when h(-8) is divided by 6?
2
Let n(f) = f - 2. Let i be n(5). Calculate the remainder when 83 is divided by i*(2 + -5 + 10).
20
Suppose 0 = -0*t + 5*t - 165. Calculate the remainder when t is divided by 6.
3
Suppose -5*g = -4*f - 121 - 4, 2*g - 4*f = 50. What is the remainder when 47 is divided by g?
22
Let a = 5 + 10. Let o = a - -36. What is the remainder when o is divided by 13?
12
Let d = 4 + 1. Let p(a) be the first derivative of -3*a**2/2 + a - 2. What is the remainder when p(-4) is divided by d?
3
Let x be (0 + -10)*(-19)/2. Let y = x - 58. What is the remainder when y is divided by (-24 - 2)/(6/(-3))?
11
Let f be (-1)/(42/15 + -3). What is the remainder when (-3)/((30/(-32))/f) is divided by 6?
4
Let b = 1 + 1. Suppose 2 = -b*w, 5*z - z + 5*w - 63 = 0. Calculate the remainder when 65 is divided by z.
14
Let i = 10 + -6. Suppose i*a = 101 + 51. Calculate the remainder when a is divided by 20.
18
Let l(r) = r**2 + r + 4. Calculate the remainder when l(-7) is divided by 26.
20
Suppose -4*j + j = -135. What is the remainder when j is divided by 24?
21
Let g(z) = -z**3 - 4*z**2 - 5*z. Let v be g(-4). Let q = v - 10. Suppose -4*h + 0*h + 72 = 0. What is the remainder when h is divided by q?
8
Suppose 2*u + 3*i - 36 = -i, -5*u + 3*i = -51. Let n = -56 - -78. What is the remainder when n is divided by u?
10
Let r(x) be the second derivative of -x**5/20 + 7*x**4/12 - x**3/6 - 7*x**2/2 + 7*x. Calculate the remainder when r(5) is divided by 20.
18
Let m(w) = w**3 - 8*w**2. Let t be m(8). Suppose t = 3*p - 28 - 8. What is the remainder when 22 is divided by p?
10
What is the remainder when 38 is divided by -28*(-3)/6 - 4?
8
Let f(d) = -d**3 + 3*d**2 - 2. Let w = -18 - -45. What is the remainder when f(-3) is divided by w?
25
Let l = 4 - 3. Suppose 3 + 3 = -2*r. Let f = -2 - r. What is the remainder when f is divided by l?
0
Suppose c - 3 = 2*c. Suppose 3*p - 4*z = 54, 5 - 87 = -4*p + 2*z. What is the remainder when p is divided by (c + -3)/(2/(-4))?
10
Let j = 21 + 12. Suppose 0 = 2*r - 5*g + g - 6, 0 = -2*g. Suppose 0*d - j = -r*d. Calculate the remainder when d is divided by 3.
2
Let q(y) = y**3 - 2*y**2 - 3*y + 10. Calculate the remainder when 115 is divided by q(4).
25
Let m(c) = 2*c**2 + 3*c - 1. Suppose 0 = -5*n - 0 + 15, -2*k = -5*n - 105. Let f = -38 + k. Calculate the remainder when f is divided by m(-3).
6
Calculate the remainder when 39 is divided by ((-24)/(-18))/(4/30).
9
Let c(k) = -k**3 - 2*k**2 + k + 2. Let x(u) = -2*u + 5. Let q be x(4). Let p be c(q). What is the remainder when 38 is divided by ((-52)/p)/((-1)/2)?
12
Let n = -2 + 6. Suppose 0 = 3*a - n*f + 8, -3*f - 3 = -5*a + 2. Suppose -15 = -3*z + 3. Calculate the remainder when z is divided by a.
2
Let z(f) = f + 24. Calculate the remainder when 76 is divided by z(-11).
11
Let g = -10 + 15. Suppose g*u + 0 = 2*i - 3, -3*u - 5 = -2*i. Suppose 0 = i*w - 55 + 19. Calculate the remainder when 16 is divided by w.
7
Let t(i) = i**2 + 3*i - 1. Suppose 0 = -3*x + o + 3*o - 23, 0 = -5*x + 5*o - 35. Let h = -6 + 11. What is the remainde